*v - 560. Determine f(6).
16
Let h(u) = -u**2 - 178*u - 4306. Determine h(-149).
15
Let k(w) = 5*w**2 + 35*w - 398. Give k(-13).
-8
Let l(x) = -173*x - 344. Calculate l(-2).
2
Let s(c) = -50*c + 129. What is s(7)?
-221
Let s(b) = -2*b**2 + 468*b - 13924. Determine s(35).
6
Let m(w) = 15*w**2 + 57*w - 20. Calculate m(-4).
-8
Let s(f) = -f**3 - 65*f**2 - 408*f + 15. Give s(-7).
29
Let f(v) = -9*v**2 - 108*v - 381. Give f(-5).
-66
Let s(m) = 732*m + 6549. Calculate s(-9).
-39
Let q(f) = -f**2 - 18*f + 59. What is q(-21)?
-4
Let n(d) = d**3 - 40*d**2 + 255*d. Give n(32).
-32
Let q(t) = -36*t + 614. Give q(17).
2
Let l(a) = a**3 + 23*a**2 - 60*a - 7. Give l(-25).
243
Let p(z) = -85*z - 652. What is p(-9)?
113
Let p(d) = d**2 + 48*d + 316. Give p(-39).
-35
Let d(i) = 211*i + 1899. Give d(-9).
0
Let t(k) = -k**3 + 85*k**2 + 174*k + 532. Give t(87).
532
Let z(c) = -1409*c + 8455. Give z(6).
1
Let w(d) = d**3 + 25*d**2 - 16*d - 374. Determine w(-25).
26
Let o(k) = -83*k + 1052. Give o(17).
-359
Let w(u) = 1175*u + 88121. Determine w(-75).
-4
Let w(b) = b**2 - 493*b + 15173. Calculate w(33).
-7
Let r(h) = h**3 - 230*h**2 + 6664*h + 12. Calculate r(34).
12
Let t(o) = -45*o**2 + 533*o + 20. What is t(12)?
-64
Let y(m) = -m**2 - 143*m - 1257. Calculate y(-10).
73
Let r(a) = -794*a - 1596. Calculate r(-2).
-8
Let n(m) = 3*m**2 + 13*m - 968. Give n(16).
8
Let r(k) = -2*k**2 + 26*k - 33. Give r(9).
39
Let z(n) = -515*n - 2570. Give z(-5).
5
Let w(c) = 41*c + 274. What is w(-6)?
28
Let x(w) = -1437*w - 15807. Determine x(-11).
0
Let m(r) = r**2 + 403*r + 6179. Determine m(-16).
-13
Let f(v) = 89*v**2 - 1069*v + 19. What is f(12)?
7
Let d(o) = -o**3 - 10*o**2 - 25*o - 34. Calculate d(-8).
38
Let h(o) = o**3 - 4*o**2 - 31*o + 106. What is h(3)?
4
Let t(d) = d**2 + 7*d + 5. Determine t(-7).
5
Let p(k) = 9078*k + 63538. Give p(-7).
-8
Let w(k) = -2*k**3 + 31*k**2 + 9*k + 55. Calculate w(17).
-659
Let t(s) = -1827*s - 16463. Determine t(-9).
-20
Let l(p) = -154*p**3 - 24*p - 25. Give l(-1).
153
Let b(o) = -335*o + 1292. Determine b(4).
-48
Let u(g) = g**2 - 50*g + 598. Calculate u(19).
9
Let c(u) = u**3 - 29*u**2 + 7*u - 78. What is c(28)?
-666
Let g(i) = 3*i**3 + 90*i**2 + 330*i + 472. Determine g(-26).
4
Let g(l) = -2*l**2 - 114*l + 111. Calculate g(-58).
-5
Let b(z) = 6*z**2 - 82*z + 78. Determine b(12).
-42
Let x(s) = -s**3 + 27*s**2 + 89*s + 1. Determine x(30).
-29
Let v(r) = -21*r + 1152. What is v(61)?
-129
Let t(m) = -2*m**2 + 49*m - 288. Calculate t(14).
6
Let w(s) = -s**3 + 7*s**2 - 6*s + 59. Calculate w(7).
17
Let j(b) = -9*b**2 + 103*b + 185. Give j(15).
-295
Let c(z) = -z**3 - 17*z**2 + 22*z + 13. Calculate c(-18).
-59
Let y(k) = -k**3 - 14*k**2 + 1472*k + 5. Give y(32).
5
Let g(f) = -2*f + 801. Determine g(-28).
857
Let x(d) = -3*d**3 - 20*d**2 - 29*d - 84. Give x(-6).
18
Let z(t) = t**2 - 390*t + 22896. Give z(318).
0
Let f(v) = v**2 + 79*v + 343. Calculate f(-5).
-27
Let z(v) = -v**2 - 17*v + 8867. What is z(-103)?
9
Let z(f) = -f**3 + 8*f**2 + 199. Give z(10).
-1
Let m(x) = -x**2 - 8*x + 10. What is m(-37)?
-1063
Let d(q) = -22*q + 28. Determine d(2).
-16
Let r(h) = -775*h - 3891. Determine r(-5).
-16
Let a(i) = -171*i - 3655. Determine a(-19).
-406
Let q(l) = 30*l - 149. What is q(10)?
151
Let l(s) = -16*s - 48. Determine l(-9).
96
Let a(b) = 36*b**2 + 8*b + 9. Determine a(-1).
37
Let l(w) = w**3 + 10*w**2 - 25*w - 4. Give l(-9).
302
Let b(p) = -469*p + 986. Calculate b(2).
48
Let h(o) = -1551*o + 7763. Calculate h(5).
8
Let o(b) = 14*b**2 + 157*b + 39. Give o(-11).
6
Let y(m) = 2453*m + 7411. What is y(-3)?
52
Let s(d) = -d**2 - 757*d - 8194. Determine s(-11).
12
Let q(m) = -427*m - 8205. Give q(-19).
-92
Let b(c) = 34*c + 4569. Determine b(-134).
13
Let y(g) = -g**2 - 56*g - 476. Calculate y(-42).
112
Let r(o) = -o**2 - 29*o - 68. Calculate r(-9).
112
Let k(p) = 10*p**3 + 59*p**2 + p + 18. Give k(-6).
-24
Let a(i) = -565*i - 10747. What is a(-19)?
-12
Let a(h) = -h**3 + 211*h**2 + 2023*h - 9467. Calculate a(220).
-7
Let h(v) = -34*v + 1534. Determine h(45).
4
Let x(d) = -d**2 - 250*d - 4171. What is x(-18)?
5
Let f(g) = -9*g - 21. Determine f(6).
-75
Let n(t) = -2*t**2 + 380*t - 10085. Give n(158).
27
Let g(o) = 13*o**3 + 12*o**2 - 21*o + 6. Determine g(1).
10
Let b(f) = -164*f - 2901. Give b(-18).
51
Let z(g) = -418*g - 2492. Calculate z(-6).
16
Let n(k) = k**2 + 113*k + 2458. Calculate n(-83).
-32
Let z(d) = -3*d**2 + 20*d + 486. Determine z(19).
-217
Let y(l) = -l**2 - 544*l - 1092. Give y(-2).
-8
Let o(w) = -w**3 - 4*w**2 - 2*w + 26. Determine o(-5).
61
Let r(n) = 435*n - 26098. Calculate r(60).
2
Let o(k) = k**2 - 96*k - 3786. What is o(126)?
-6
Let m(o) = -14*o**2 - 18*o + 16. Calculate m(-4).
-136
Let l(v) = -1736*v**2 + 5201*v + 23. Determine l(3).
2
Let w(m) = 2*m**3 + 138*m**2 + 146*m + 451. Calculate w(-68).
-229
Let n(d) = 150*d**3 + 2*d**2 - d - 4. Determine n(-1).
-151
Let t(x) = 58*x + 1878. Determine t(-35).
-152
Let b(f) = -f**2 - 6*f - 19. Give b(-6).
-19
Let c(g) = 54*g - 1248. What is c(24)?
48
Let x(q) = -7*q + 107. What is x(13)?
16
Let y(w) = -48*w + 4400. Determine y(92).
-16
Let r(t) = -33*t**2 - 234*t - 23. Calculate r(-7).
-2
Let d(i) = -86*i - 259. Give d(-3).
-1
Let x(v) = 14*v**2 - 32*v + 7. Calculate x(0).
7
Let i(w) = 7*w**2 + 330*w + 706. Calculate i(-45).
31
Let w(z) = -22*z**2 - 207*z + 184. Give w(-10).
54
Let c(i) = 76*i + 2799. Determine c(-35).
139
Let n(w) = 2*w**2 - 60*w + 399. Determine n(20).
-1
Let p(b) = -4*b**3 - 26*b + 46. What is p(2)?
-38
Let i(t) = -2*t**3 - 14*t**2 + 10*t + 35. Give i(-11).
893
Let n(w) = 2*w**3 - 112*w**2 + 106*w + 178. Determine n(55).
-42
Let o(y) = -y**2 + 29*y - 20. Determine o(27).
34
Let t(s) = 4*s**2 + 80*s - 492. Determine t(-25).
8
Let f(h) = -382*h + 10716. Calculate f(28).
20
Let d(j) = -148*j - 1393. Determine d(-9).
-61
Let t(r) = 403*r**2 + 19*r - 2. Determine t(1).
420
Let t(a) = a**3 + 28*a**2 + 29*a - 67. Give t(-27).
-121
Let i(r) = r**3 - 8*r**2 - 4*r - 8. Determine i(10).
152
Let s(i) = -5*i**3 + 77*i**2 - 15*i - 169. Give s(15).
56
Let t(s) = -s**3 - 42*s**2 - 152*s + 142. What is t(-38)?
142
Let z(b) = b**2 - 41*b - 686. Give z(60).
454
Let g(p) = -p**2 - 71*p + 87. What is g(-65)?
477
Let w(m) = 77*m - 50. Give w(1).
27
Let v(c) = -3*c**2 - 96*c + 981. Calculate v(9).
-126
Let p(w) = 2*w**2 - 51*w + 15. What is p(19)?
-232
Let j(q) = -q**2 - 11*q + 11. What is j(6)?
-91
Let y(h) = -154*h - 11972. Calculate y(-78).
40
Let h(d) = d**3 + 7*d**2 + 16. Give h(-7).
16
Let h(v) = 540*v - 1901. Calculate h(4).
259
Let x(k) = -62*k**2 - 45*k - 45. Give x(-1).
-62
Let k(i) = i**2 + 3*i - 19. Give k(12).
161
Let b(g) = g**2 - 169*g + 6701. Calculate b(63).
23
Let f(j) = 69*j**3 - 2*j**2 + 5*j - 3. Calculate f(1).
69
Let x(s) = 19*s - 859. Determine x(18).
-517
Let c(k) = -k**3 - 20*k**2 + 129*k - 1615. What is c(-27)?
5
Let d(u) = -2*u**3 + u**2 - 4*u - 26. Give d(-2).
2
Let p(j) = 10*j + 460. Give p(-41).
50
Let x(o) = -52*o + 1171. What is x(23)?
-25
Let d(a) = 12*a + 379. Calculate d(-26).
67
Let h(t) = -249*t - 928. Calculate h(-4).
68
Let r(m) = -m**3 - 33*m**2 - 10*m - 1493. Calculate r(-34).
3
Let x(z) = z**3 + 4*z**2 - 19*z - 43. What is x(-2)?
3
Let o(m) = -m**2 + 6*m + 542. Give o(27).
-25
Let j(a) = 4*a - 271. Calculate j(64).
-15
Let n(d) = -d**3 + d**2 - 4. Determine n(-2).
8
Let c(r) = -15*r**2 - 334*r - 1561. What is c(-6)?
-97
Let p(a) = -82*a - 161. Calculate p(-8).
495
Let f(t) = -3*t**2 - 9*t - 55. What is f(-9)?
-217
Let g(w) = -3*w**3 + 36*w**2 + 6*w - 14. What is g(12)?
58
Let r(l) = 423*l**2 - 2097*l - 69. Calculate r(5).
21
Let i(p) = -3*p**2 - 73*p - 311. Determine i(-19).
-7
Let o(c) = 127*c - 741. Determine o(7).
148
Let s(w) = 309*w + 16067. What is s(-52)?
-1
Let z(u) = u**2 - 20*u - 29. What is z(15)?
-104
Let u(h) = -48*h - 720. Determine u(-16).
48
Let k(y) = 5754*y - 28770. Give k(5).
0
Let s(z) = 3*z**2 - 365*z + 512. Give s(119).
-440
Let a(n) = -n**2 + 27*n + 150. What is a(-6)?
-48
Let f(g) = 257*g - 1071. Determine f(4).
-43
Let r(n) = -4*n**2 - 85*n - 94. Give r(-19).
77
Let f(x) = -x**3 - 29*x**2 + 39*x + 147. What is f(-30)?
-123
Let o(t) = 43*t - 647. Determine o(29).
600
Let c(g) = 40*g - 2728. Determine c(75).
272
Let